osite number?
True
Is 51257 a prime number?
True
Is 529807 prime?
True
Is 79307 composite?
True
Is 39157 a composite number?
False
Is 63331 prime?
True
Is 32647 a composite number?
False
Is 117677 a prime number?
False
Is 992357 prime?
True
Is 155503 a prime number?
False
Is 250574 prime?
False
Is 1654487 prime?
False
Is 104129 composite?
True
Is 455681 a composite number?
False
Is 187409 composite?
False
Is 587219 prime?
True
Is 733587 prime?
False
Is 6421 a composite number?
False
Is 208423 a composite number?
True
Is 5557 composite?
False
Is 2701 prime?
False
Is 630115 a composite number?
True
Is 706317 a composite number?
True
Is 155573 prime?
False
Is 10541 a prime number?
False
Is 1201787 a composite number?
False
Is 41357 a composite number?
False
Is 104569 a composite number?
True
Is 17527 composite?
True
Is 62801 composite?
False
Is 5437 a composite number?
False
Is 5319721 prime?
False
Is 573941 composite?
False
Is 98789 prime?
False
Is 25349 composite?
False
Is 5027 a composite number?
True
Is 10061 prime?
True
Is 455771 a prime number?
False
Is 233021 a prime number?
True
Is 1399 composite?
False
Is 1223921 composite?
False
Is 394931 composite?
False
Is 553727 a prime number?
True
Is 789991 a prime number?
False
Is 29917 composite?
False
Is 678947 a prime number?
False
Is 6523 prime?
False
Is 235273 a prime number?
True
Is 1841 a prime number?
False
Is 291077 a composite number?
False
Is 777541 a prime number?
True
Is 360527 a prime number?
False
Is 2670791 a prime number?
True
Is 826271 composite?
False
Is 7351 a composite number?
False
Is 211999 prime?
False
Is 1262193 a prime number?
False
Is 69593 a prime number?
True
Is 9461 prime?
True
Is 9569 composite?
True
Is 25733 a composite number?
False
Is 170129 prime?
False
Is 277613 a prime number?
False
Is 2227 composite?
True
Is 4571503 composite?
True
Is 4891 prime?
False
Is 214195 composite?
True
Is 107741 prime?
True
Is 1288247 a composite number?
False
Is 660241 prime?
True
Is 10463 prime?
True
Is 1007797 a composite number?
True
Is 158243 prime?
True
Is 65662 composite?
True
Is 72317 a composite number?
True
Is 5021827 prime?
True
Is 51859 composite?
False
Is 9777 composite?
True
Is 103543 composite?
True
Is 341779 prime?
False
Is 150434 prime?
False
Is 26678 a prime number?
False
Is 254687 composite?
True
Is 306971 prime?
False
Is 18301 a composite number?
False
Is 12757 a prime number?
True
Is 2938097 a prime number?
True
Is 3889 a prime number?
True
Is 3683 composite?
True
Is 142837 a prime number?
True
Is 57091 a prime number?
False
Is 15727 composite?
False
Is 5793 prime?
False
Is 62639 composite?
False
Is 35331 composite?
True
Is 2823 prime?
False
Is 58547 composite?
True
Is 57941 composite?
True
Is 3319 a composite number?
False
Is 1465 prime?
False
Is 11969 a prime number?
True
Is 221461 prime?
True
Is 1463723 prime?
False
Is 8026 prime?
False
Is 131743 a composite number?
False
Is 3301037 composite?
False
Is 89443 a composite number?
False
Is 6761 prime?
True
Is 408587 a composite number?
True
Is 57929 composite?
True
Is 5921 prime?
False
Is 40987 composite?
True
Is 482003 prime?
False
Is 3691 prime?
True
Is 23321 composite?
False
Is 16231 prime?
True
Is 1873049 composite?
False
Is 207923 composite?
False
Is 3989 a composite number?
False
Is 14461 composite?
False
Is 16973 a composite number?
True
Is 3959 composite?
True
Is 38879 prime?
False
Is 83441 a composite number?
True
Is 20183 composite?
False
Is 1191187 a prime number?
True
Is 81007 composite?
True
Is 43509 a composite number?
True
Is 9599 a composite number?
True
Is 20477 prime?
True
Is 476989 prime?
True
Is 4369 prime?
False
Is 5077 a composite number?
False
Is 6333 a prime number?
False
Is 6031 prime?
False
Is 3957 a composite number?
True
Is 6101 a composite number?
False
Is 6178 a composite number?
True
Is 83203 composite?
False
Is 4547 composite?
False
Is 1943171 a prime number?
True
Is 1123553 a prime number?
True
Is 2629 prime?
False
Is 2059 composite?
True
Is 24959 composite?
True
Is 963043 a prime number?
True
Is 70963 composite?
True
Is 193723 a prime number?
True
Is 257893 prime?
True
Is 6333 a prime number?
False
Is 7663 a composite number?
True
Is 65951 prime?
True
Is 11717 a composite number?
False
Is 304877 prime?
False
Is 8999 prime?
True
Is 258827 composite?
False
Is 1042 prime?
False
Is 120893 prime?
False
Is 68977 prime?
False
Is 1657 a prime number?
True
Is 359647 prime?
False
Is 451601 a prime number?
True
Is 24317 a prime number?
True
Is 1936697 prime?
False
Is 142757 composite?
False
Is 25013 composite?
False
Is 28387 a prime number?
True
Is 631 prime?
True
Is 296889 a prime number?
False
Is 13667 a prime number?
False
Is 1137263 composite?
False
Is 16333 a composite number?
False
Is 632743 a composite number?
False
Is 1006847 prime?
True
Is 3593 a prime number?
True
Is 84377 a prime number?
True
Is 226295 a prime number?
False
Is 1059 a prime number?
False
Is 613 a prime number?
True
Is 4427 a composite number?
True
Is 53773 composite?
False
Is 763943 a prime number?
True
Is 1979 a composite number?
False
Is 6081 a composite number?
True
Is 20017 composite?
True
Is 531851 a composite number?
True
Is 1428191 prime?
False
Is 25297 a composite number?
True
Is 83417 a composite number?
False
Is 25751 a prime number?
False
Is 2888111 composite?
True
Is 32647 a composite number?
False
Is 541 composite?
False
Is 1467821 composite?
False
Is 16253 a composite number?
False
Is 63059 prime?
True
Is 95143 a prime number?
True
Is 40459 composite?
False
Is 282431 composite?
True
Is 367501 composite?
False
Is 564695 prime?
False
Is 105503 a prime number?
True
Is 263 composite?
False
Is 1725899 prime?
False
Is 501439 composite?
True
Is 686607 composite?
True
Is 36829 a composite number?
True
Is 11591 a prime number?
False
Is 67883 composite?
False
Is 207833 prime?
True
Is 163819 composite?
False
Is 156974 prime?
False
Is 1897 a composite number?
True
Is 19103 prime?
False
Is 7193 prime?
True
Is 24029 prime?
True
Is 29303 a composite number?
False
Is 1584569 composite?
True
Is 587 prime?
True
Is 2191611 a composite number?
True
Is 19207 a prime number?
True
Is 202021 prime?
True
Is 24169 a prime number?
True
Is 75307 prime?
True
Is 44411 a prime number?
False
Is 34233 a composite number?
True
Is 77 a composite number?
True
Is 13793 composite?
True
Is 6899 prime?
True
Is 4265 composite?
True
Is 91769 a composite number?
True
Is 79087 a composite number?
False
Is 25007 a composite number?
True
Is 20873 a prime number?
True
Is 51411 a composite number?
True
Is 603467 a composite number?
False
Is 20171 a composite number?
True
Is 3967 a prime number?
True
Is 143011 a composite number?
True
Is 82963 prime?
True
Is 16619 a prime number?
True
Is 212827 a prime number?
True
Is 24707 prime?
False
Is 1428359 prime?
True
Is 749 a composite number?
True
Is 13963 composite?
False
Is 16759 prime?
True
Is 1291 a composite number?
False
Is 609965 a composite number?
True
Is 158611 composite?
False
Is 6731 a prime number?
False
Is 52709 a prime number?
True
Is 15427 a composite number?
False
Is 171007 a prime number?
True
Is 264287 prime?
False
Is 43003 a prime number?
True
Is 53549 a composite number?
False
Is 2159 a composite number?
True
Is 4825759 prime?
True
Is 12097 prime?
True
Is 671709 composite?
True
Is 153194 composite?
True
Is 9029 a prime number?
True
Is 7555 composite?
True
Is 2039 composite?
False
Is 483501 a composite number?
True
Is 3967 a prime number?
True
Is 73123 composite?
True
Is 239657 prime?
False
Is 190373 composite?
True
Is 739813 a prime number?
True
Is 4293921 a prime number?
False
Is 199 prime?
True
Is 15977 a prime number?
False
Is 4663 a composite number?
False
Is 14653 a prime number?
True
Is 105817 a prime number?
True
Is 3217 composite?
False
Is 6113 a composite number?
False
Is 425519 a composite number?
False
Is 44537 a composite number?
False
Is 4541 prime?
False
Is 70673 prime?
False
Is 5260243 a prime number?
True
Is 245773 composite?
True
Is 45853 prime?
True
Is 8726 composite?
True
Is 40402 a prime number?
False
Is 14786 a prime number?
False
Is 45418 composite?
True
Is 3907 a composite number?
False
Is 2418137 composite?
False
Is 255319 composite?
True
Is 1733 a composit